 -2)/(-2). Suppose a*f - 3*f - m + 13 = 0, -f + 2*m + 16 = 0. What is the units digit of f?
6
Suppose -4*b = -5*n - 8, -5*b + 10 = -0*n - 4*n. Suppose n = -3*f + 4*f. Suppose -m + 4*o = -38 - 67, f = m - 5*o - 107. What is the units digit of m?
7
Let v = 25007 - -25201. What is the tens digit of v?
0
Suppose -76*w = -94*w + 246960. What is the ten thousands digit of w?
1
Let o(h) = -h**2 + 23*h - 93. Let k be o(19). What is the units digit of ((-544)/6)/((170/30)/k)?
2
Let q be ((-119)/(-85))/(1/835). Suppose -4*r - 3*n + q = -551, -n + 431 = r. What is the tens digit of r?
2
Suppose -77 = -4*g - 5. Let x(h) = h**2 - 1. Let m(q) = -7*q**2 - q + 11. Let y(o) = g*x(o) + 2*m(o). What is the units digit of y(-5)?
4
Let s(x) = -113*x - 58. What is the units digit of s(-42)?
8
What is the tens digit of -290*(104/364)/(4/(-7))?
4
Let r = -824 + 1517. Suppose 3*k - 5*u - 1008 = 0, 2*u - 987 = -5*k + r. What is the hundreds digit of k?
3
Suppose 33*p - 28*p = 20. Suppose 0 = -3*d + 14*l - 9*l + 3666, -p*d = -3*l - 4888. What is the thousands digit of d?
1
Suppose 5*j - x - 1367 - 2531 = 0, 3*x = -9. Let z = 1947 - j. What is the units digit of z?
8
Let h(f) = f**3 + 9*f**2 - 33*f + 81. What is the thousands digit of h(13)?
3
Let y be (-6 + (-17012)/(-6))*6/4. Suppose 4*k - 3*t = 5661, k - 4*t = -2*k + y. What is the tens digit of k?
1
Let w(t) = t**3 + 6*t**2 + 5*t - 12. Let v(i) = -i**2 - 12*i - 29. Let c be v(-6). Let u be w(c). What is the hundreds digit of ((-2)/3)/((-4)/u)?
1
Suppose 297*i = -282*i + 560*i + 519821. What is the ten thousands digit of i?
2
Let o = -23 + 14. Let f = -508 + 444. Let p = o - f. What is the units digit of p?
5
Let u(a) = -a**2 - 37*a - 148. Let k(p) = p**2 + 37*p + 147. Let z(g) = 3*k(g) + 4*u(g). What is the hundreds digit of z(-24)?
1
Let a(v) = 13*v**2 - 23*v. Let x be a(7). Let t = x + -252. Suppose -t = -28*n + 24*n. What is the units digit of n?
6
Let n be (3/5 + (-4)/(-10))*5. Let l = -1 + n. Suppose -143 = -5*i + l*t, 0*i - 5*i - t + 133 = 0. What is the units digit of i?
7
Let w = -7622 + 10752. What is the thousands digit of w?
3
Let i(s) = 41*s + 2217. What is the tens digit of i(98)?
3
Suppose 4*p - 80 = -2*k, -p + 4*k - 106 = -6*p. Suppose 21*v = p*v + 2760. Suppose -26*o + 21*o + v = 0. What is the hundreds digit of o?
1
Let o(f) = -f**2 - 16*f + 38. Let p be o(-16). What is the tens digit of p/95 + (-2498)/(-5)?
0
Let c be 3489*((-2)/5)/((-162)/(-135)). Let q = -678 - c. What is the units digit of q?
5
Let y = -4022 + 7722. Suppose 0 = 69*t - 74*t + y. What is the tens digit of t?
4
What is the hundreds digit of 18/135 + 481797/135?
5
Let u(f) = 8*f**2 - 14*f + 19. Let a(k) = -4*k**2 + 8*k - 10. Let v(p) = 5*a(p) + 3*u(p). Let q be v(-4). Suppose x = 65 + q. What is the units digit of x?
4
Suppose 4*z = -4*a + 45464, 3*z - 28 = 10*z. What is the ten thousands digit of a?
1
Suppose 5*c + 12*p = 7*p + 2870, 4*p = 3*c - 1736. Suppose 0 = 3*r + r - c. What is the units digit of r?
4
Suppose 51 = -3*l - 5*w + 2*w, -2*w - 56 = 3*l. What is the units digit of (184/(-2))/(-2*(-11)/l)?
2
What is the tens digit of (1 + 73)/(-17*38/(-94639))?
4
Suppose 3*j + r - 13 = 7, -5*j + 2*r + 15 = 0. Let y(i) = -i**2 + 20*i - 67. What is the units digit of y(j)?
8
Let b be 3/((-7)/(28/(-3))). Suppose -4*a + 316 = b*h, -5*a - 187 = -5*h + 168. Suppose -2*t = f + 4*f - h, 0 = t + f - 45. What is the units digit of t?
0
Let s(f) = 6*f**2 - 5*f - 767. What is the hundreds digit of s(-33)?
9
Suppose 155*n = 95*n + 186600. What is the tens digit of n?
1
What is the ten thousands digit of (3/(-9))/(10 + 18319820/(-1831980))?
3
Let z(n) = -28*n + 20. Let j be z(5). Let i be 40/j*(-33 + 0/1). Suppose 4*h - i = -t + 38, 0 = t - h - 59. What is the tens digit of t?
5
Let y(s) = s**3 + 8*s**2 - 9*s + 7. Let w be y(-9). Suppose w = -3*t + 19. Suppose -t*p - 303 = -5*l, 0*p = -4*p - 8. What is the units digit of l?
9
Let w(i) = 6*i - 3. Let g(q) = -q + 1. Let r = -72 - -84. Let c(v) = r*g(v) + w(v). What is the tens digit of c(-7)?
5
Suppose 0 = 4*h + w + w + 8, 3*h - 7 = 5*w. What is the tens digit of 498 - (h - 25/(-5))?
9
Let b(l) = -522*l - 927. Let c(p) = 36*p + 64. Let a(h) = -5*b(h) - 72*c(h). What is the hundreds digit of a(5)?
1
What is the units digit of ((-14117)/(-5))/((-155)/(-775))?
7
Let a(r) = r**2 - 25*r - 6. Let i be a(26). What is the tens digit of 36*(-92)/i*(-25)/15?
7
Suppose -17*o - 26 = -94. What is the tens digit of (-244*1)/((-2)/o)?
8
Suppose 8*n - 66989 - 42491 = 0. Suppose 3*o - n = -20*o. What is the hundreds digit of o?
5
Suppose -5*v = 4*h - 284, 2*h - 214 = -h - 4*v. Suppose -h = 8*p - 10*p. What is the units digit of p?
3
Suppose 3*u + 267*w - 18660 = 272*w, 0 = 2*u - 3*w - 12440. What is the units digit of u?
0
Suppose 43*i = 36*i + 98. What is the hundreds digit of 5 + (-370)/70 + 14480/i?
0
Let i = 147 - -4. Suppose i*t - 145*t - 798 = 0. What is the tens digit of t?
3
Let y(d) = -510*d + 2276. What is the thousands digit of y(-22)?
3
Suppose -3*u - 12 = 0, 348*x - 350*x + 135412 = 3*u. What is the units digit of x?
2
Suppose -5*v + 9*j = 10*j - 25928, 0 = -5*v - 2*j + 25926. What is the tens digit of v?
8
Suppose 7*l - 3*l = 8. Suppose -l*m - 30 = m. What is the units digit of ((-48)/(-10))/((-4)/m)?
2
Let p(r) = -5*r + 18. Let t be p(3). Suppose -y = -t, 3*a - y = 2*a - 33. What is the units digit of -9*5/a*172/3?
6
Let f(q) = -52*q - 4. Let j(y) = 3 + 0 - 2*y + y**3 - 11 + 6. Let v be j(0). What is the units digit of f(v)?
0
Let b = -207 + 211. Suppose -15*k = -b*k - 297. What is the tens digit of k?
2
Suppose -108*w + 343868 = -181444. What is the hundreds digit of w?
8
Suppose -5*p + 3*t = -22597, 0 = 5*p - 2*t - 4087 - 18506. What is the hundreds digit of p?
5
Suppose 2*h - 5*o + 8 = 338, 2*h - 370 = -5*o. Suppose 3*y = 16 - h. What is the units digit of (y/2 - -2)*-10 - -4?
9
Let l = -11589 - -24941. What is the tens digit of l?
5
Suppose 21*x - 25115 = -2*h + 24*x, 3*x = -3*h + 37680. What is the thousands digit of h?
2
Let q(k) = 55*k - 201. Let j(c) = -13*c + 50. Let m(h) = 26*j(h) + 6*q(h). What is the hundreds digit of m(-32)?
3
Suppose 0 = 3*g + 8*g - 22. Suppose -3*h = -4*q + 8*q + 992, -g*h = 4*q + 992. Let k = q + 534. What is the tens digit of k?
8
Let i = 6711 - 3164. What is the thousands digit of i?
3
Suppose 3*b - 27167 + 17825 - 28116 = 0. What is the ten thousands digit of b?
1
Let p = -183 - -188. Suppose 0 = 3*c + 3*z - 498, 713 = p*c + z - 133. What is the hundreds digit of c?
1
Let n = -3051 - -4402. What is the thousands digit of n?
1
What is the hundreds digit of ((-470100)/450)/((2/(-4))/(15/4))?
8
Suppose 0 = -6*q - 42 + 6, 84880 = 4*v - 2*q. What is the tens digit of v?
1
Let x(g) = -409*g - 109. Let o be x(4). What is the units digit of o/(-2) + (-18)/(-36)?
3
Let y(w) = 47 - 6*w + 2*w + 3*w. What is the units digit of y(12)?
5
Let c = 6 - 13. Let h be (-4)/(4/c) + 4. Let t(p) = p**2 - 5*p - 27. What is the units digit of t(h)?
9
Let v = -526 - -753. Let z = 13 + -8. Suppose 2*b - 10 = 0, 4*d - v = z*b + 80. What is the units digit of d?
3
Suppose 0 = 3*z + 47 + 55. Let c be 3 - -3*(-3 - z). Suppose -h + c = h. What is the tens digit of h?
4
Let r be (67/(-4))/(2/(-8)). Let a = r - 64. Suppose a*j - 358 = -2*z, 2*j = -j + 4*z + 382. What is the units digit of j?
2
Let a(y) = 3*y**2 - 3*y - 5. Let g(u) = -u + 15. Let d be g(10). Let w be a(d). Suppose -270 = w*r - 60*r. What is the tens digit of r?
5
Suppose -4*p = -4, 2*a = 5*p + 771 + 1380. Suppose a = -16*j + 6982. What is the units digit of j?
9
Let k = 71 - -11. Suppose -3*l - 47 = -a, -k = -0*a - a - 4*l. Let m = -27 + a. What is the units digit of m?
5
Suppose -22*p - b - 111663 = -27*p, -b = -2*p + 44667. What is the thousands digit of p?
2
Let i(f) be the third derivative of -19*f**4/24 - 223*f**3/6 + 5*f**2 + 4. What is the tens digit of i(-37)?
8
Let t = 27631 - 16079. What is the thousands digit of t?
1
Let c be 5414/(-14) + 4*3/(-42). Let o = -171 - c. What is the tens digit of o?
1
Let b be 1/(-9) + (-31990)/126. Let t = b + 483. What is the units digit of t?
9
Suppose -32*o + 122363 = -20005. What is the hundreds digit of o?
4
Let f = -430 - -660. Let b = 309 - f. What is the units digit of b?
9
Suppo